1, 644359
What are the prime factors of 3845136901?
67, 79, 726457
List the prime factors of 49403472.
2, 3, 29, 35491
List the prime factors of 76059611.
53, 563, 2549
List the prime factors of 4922900840.
2, 5, 11, 13, 860647
List the prime factors of 350124601.
157, 2230093
List the prime factors of 751635749.
71, 10586419
What are the prime factors of 1601778804?
2, 3, 31, 1951, 2207
What are the prime factors of 43730983?
43730983
List the prime factors of 96548476.
2, 1367, 17657
List the prime factors of 136757088.
2, 3, 13, 36527
List the prime factors of 689868579.
3, 4423, 51991
What are the prime factors of 718059500?
2, 5, 59, 101, 241
List the prime factors of 5137811225.
5, 2141, 95989
What are the prime factors of 1675279339?
31, 7121, 7589
List the prime factors of 53219564.
2, 179, 239, 311
List the prime factors of 2699903395.
5, 7, 367, 210191
List the prime factors of 28846252.
2, 227, 31769
What are the prime factors of 71768888?
2, 89, 100799
List the prime factors of 196002594.
2, 3, 19, 573107
List the prime factors of 15338065.
5, 487, 6299
What are the prime factors of 49576601?
137, 361873
What are the prime factors of 577494596?
2, 7, 59, 49939
List the prime factors of 11422248.
2, 3, 475927
What are the prime factors of 5202113?
7, 743159
What are the prime factors of 82816898?
2, 41408449
List the prime factors of 496620544.
2, 7, 79, 877
List the prime factors of 1392747635.
5, 23, 12110849
What are the prime factors of 2241508989?
3, 61, 12248683
List the prime factors of 657366246.
2, 3, 149, 81701
List the prime factors of 657961939.
107, 499, 12323
What are the prime factors of 913350?
2, 3, 5, 6089
What are the prime factors of 1513722521?
739, 2048339
List the prime factors of 870183668.
2, 71, 3064027
List the prime factors of 343961996.
2, 7, 12284357
What are the prime factors of 2418674477?
2418674477
What are the prime factors of 288182497?
288182497
List the prime factors of 31689378.
2, 3, 7, 19, 31, 61
List the prime factors of 2801541414.
2, 3, 7, 4813, 13859
What are the prime factors of 36813394?
2, 1601, 11497
What are the prime factors of 75109384?
2, 7, 47, 28537
List the prime factors of 66680908.
2, 7, 347, 6863
What are the prime factors of 158626914?
2, 3, 43, 113, 5441
List the prime factors of 4469851468.
2, 373, 2995879
What are the prime factors of 7318483?
17, 430499
List the prime factors of 846076796.
2, 4583, 46153
List the prime factors of 18554318.
2, 83, 111773
List the prime factors of 112178271.
3, 43, 869599
What are the prime factors of 274948290?
2, 3, 5, 83, 12269
What are the prime factors of 343048695?
3, 5, 11, 17, 122299
List the prime factors of 4771511681.
38933, 122557
What are the prime factors of 114253900?
2, 5, 1142539
List the prime factors of 39734134.
2, 11, 17, 131, 811
List the prime factors of 169821863.
4957, 34259
What are the prime factors of 1942294766?
2, 223, 4354921
What are the prime factors of 43186560?
2, 3, 5, 83, 271
List the prime factors of 136718569.
13, 719, 14627
What are the prime factors of 805649683?
805649683
List the prime factors of 192489573.
3, 293, 218987
List the prime factors of 4534733986.
2, 17, 37, 3604717
List the prime factors of 186609191.
193, 947, 1021
List the prime factors of 110454986.
2, 73, 756541
What are the prime factors of 68142821?
68142821
What are the prime factors of 59477328?
2, 3, 45893
What are the prime factors of 206823857?
821, 251917
List the prime factors of 229596535.
5, 7, 6559901
List the prime factors of 5138941158.
2, 3, 13, 271127
What are the prime factors of 62270665?
5, 43, 59, 4909
List the prime factors of 1222660293.
3, 661, 751, 821
What are the prime factors of 16458570?
2, 3, 5, 23, 7951
List the prime factors of 31934251.
43, 742657
List the prime factors of 7326018.
2, 3, 7, 19381
What are the prime factors of 287510277?
3, 617, 155327
List the prime factors of 3970511754.
2, 3, 11, 197, 305377
List the prime factors of 20588670.
2, 3, 5, 103, 2221
List the prime factors of 296949680.
2, 5, 463, 8017
What are the prime factors of 460329321?
3, 19, 37, 167, 1307
List the prime factors of 104576595.
3, 5, 509, 13697
List the prime factors of 475919508.
2, 3, 39659959
List the prime factors of 146464578.
2, 3, 13, 19, 79, 139
List the prime factors of 205963734.
2, 3, 739, 46451
List the prime factors of 135528290.
2, 5, 13552829
List the prime factors of 734231249.
31, 23684879
List the prime factors of 161135318.
2, 80567659
List the prime factors of 18045390.
2, 3, 5, 11, 149, 367
List the prime factors of 396734127.
3, 132244709
What are the prime factors of 6439522491?
3, 43, 59, 94009
What are the prime factors of 7116626?
2, 11, 61, 5303
List the prime factors of 5757504892.
2, 317, 4540619
What are the prime factors of 256725234?
2, 3, 101, 103, 457
What are the prime factors of 2428191651?
3, 17, 47611601
List the prime factors of 97899806.
2, 2969, 16487
List the prime factors of 7311400705.
5, 7, 97, 509, 4231
List the prime factors of 256538873.
883, 290531
What are the prime factors of 2033510972?
2, 29, 37, 101, 4691
List the prime factors of 91331050.
2, 5, 67, 137, 199
What are the prime factors of 81165910?
2, 5, 7, 19, 61027
What are the prime factors of 589478114?
2, 294739057
List the prime factors of 1604143965.
3, 5, 5827, 18353
What are the prime factors of 780438640?
2, 5, 31, 314693
What are the prime factors of 1054772796?
2, 3, 7, 11, 1141529
List the prime factors of 1480458679.
7, 10589, 19973
What are the prime factors of 244215635?
5, 61, 800707
What are the prime factors of 92849306?
2, 11, 4220423
List the prime factors of 916353097.
11, 23, 683, 5303
List the prime factors of 364610464.
2, 11394077
What are the prime factors of 2719683932?
2, 7, 97131569
List the prime factors of 1532634.
2, 3, 157, 1627
List the prime factors of 48592931.
59, 83, 9923
What are the prime factors of 978144851?
23, 42528037
List the prime factors of 447057722.
2, 1949, 114689
What are the prime factors of 1517560391?
31, 293, 167077
What are the prime factors of 111022866?
2, 3, 37, 181, 307
What are the prime factors of 9574190264?
2, 1291, 927013
List the prime factors of 3222180747.
3, 59, 6068137
List the prime factors of 11313574.
2, 31, 251, 727
What are the prime factors of 107691580?
2, 5, 5384579
What are the prime factors of 160209662?
2, 59, 97, 13997
What are the prime factors of 1166066847?
3, 11, 107, 151
List the prime factors of 355636321.
355636321
What are the prime factors of 6570296384?
2, 102660881
List the prime factors of 356884917.
3, 1051, 113189
List the prime factors of 98437124.
2, 24609281
List the prime factors of 3064032320.
2, 5, 1523, 6287
List the prime factors of 927703841.
927703841
List the prime factors of 120149663.
131, 917173
What are the prime factors of 517276495?
5, 3221, 32119
List the prime factors of 176294053.
13, 13561081
List the prime factors of 4624147786.
2, 2312073893
List the prime factors of 1540887480.
2, 3, 5, 11, 17, 47, 487
What are the prime factors of 442083198?
2, 3, 17, 1699, 2551
What are the prime factors of 42686260?
2, 5, 29, 73597
List the prime factors of 458238661.
67, 89, 76847
What are the prime factors of 189027409?
19, 23, 432557
What are the prime factors of 47262973?
743, 63611
List the prime factors of 6258526.
2, 3129263
List the prime factors of 3913589139.
3, 61, 21385733
List the prime factors of 99910765.
5, 19982153
What are the prime factors of 1692582720?
2, 3, 5, 347, 5081
What are the prime factors of 2855953015?
5, 4241, 134683
What are the prime factors of 6404134437?
3, 43, 73, 397, 571
What are the prime factors of 1002245697?
3, 41, 67, 13513
List the prime factors of 501106401.
3, 79, 89, 7919
What are the prime factors of 805174093?
805174093
What are the prime factors of 49539481?
49539481
List the prime factors of 19058446.
2, 11, 866293
List the prime factors of 637538677.
637538677
What are the prime factors of 2236649443?
7, 887, 51461
What are the prime factors of 32069545?
5, 509, 12601
What are the prime factors of 3267795494?
2, 1633897747
What are the prime factors of 278441556?
2, 3, 599, 38737
What are the prime factors of 383354456?
2, 821, 58367
List the prim